{"id":265,"date":"2022-08-11T12:49:33","date_gmt":"2022-08-11T15:49:33","guid":{"rendered":"http:\/\/franciscoreisbastos.com.br\/?page_id=265"},"modified":"2022-08-17T22:06:05","modified_gmt":"2022-08-18T01:06:05","slug":"fabulas-venenosas-literatura-na-veia","status":"publish","type":"page","link":"https:\/\/franciscoreisbastos.com.br\/?page_id=265","title":{"rendered":"F\u00c1BULAS VENOSAS LITERATURA NA VEIA"},"content":{"rendered":"\t\t<div data-elementor-type=\"wp-page\" data-elementor-id=\"265\" class=\"elementor elementor-265\">\n\t\t\t\t\t\t\t\t\t<section class=\"elementor-section elementor-top-section elementor-element elementor-element-885372c elementor-section-boxed elementor-section-height-default elementor-section-height-default\" data-id=\"885372c\" data-element_type=\"section\">\n\t\t\t\t\t\t<div class=\"elementor-container elementor-column-gap-default\">\n\t\t\t\t\t<div class=\"elementor-column elementor-col-33 elementor-top-column elementor-element elementor-element-83dce67\" data-id=\"83dce67\" data-element_type=\"column\">\n\t\t\t<div class=\"elementor-widget-wrap elementor-element-populated\">\n\t\t\t\t\t\t\t\t<div class=\"elementor-element elementor-element-a119261 elementor-widget elementor-widget-image\" data-id=\"a119261\" data-element_type=\"widget\" data-widget_type=\"image.default\">\n\t\t\t\t<div class=\"elementor-widget-container\">\n\t\t\t<style>\/*! elementor - v3.6.7 - 03-07-2022 *\/\n.elementor-widget-image{text-align:center}.elementor-widget-image a{display:inline-block}.elementor-widget-image a img[src$=\".svg\"]{width:48px}.elementor-widget-image img{vertical-align:middle;display:inline-block}<\/style>\t\t\t\t\t\t\t\t\t\t\t\t<img loading=\"lazy\" decoding=\"async\" width=\"734\" height=\"1024\" src=\"https:\/\/franciscoreisbastos.com.br\/wp-content\/uploads\/2022\/07\/WhatsApp-Image-2022-07-17-at-11.44.53-734x1024.jpeg\" class=\"attachment-large size-large\" alt=\"\" srcset=\"https:\/\/franciscoreisbastos.com.br\/wp-content\/uploads\/2022\/07\/WhatsApp-Image-2022-07-17-at-11.44.53-734x1024.jpeg 734w, https:\/\/franciscoreisbastos.com.br\/wp-content\/uploads\/2022\/07\/WhatsApp-Image-2022-07-17-at-11.44.53-215x300.jpeg 215w, https:\/\/franciscoreisbastos.com.br\/wp-content\/uploads\/2022\/07\/WhatsApp-Image-2022-07-17-at-11.44.53-768x1071.jpeg 768w, https:\/\/franciscoreisbastos.com.br\/wp-content\/uploads\/2022\/07\/WhatsApp-Image-2022-07-17-at-11.44.53-1102x1536.jpeg 1102w, https:\/\/franciscoreisbastos.com.br\/wp-content\/uploads\/2022\/07\/WhatsApp-Image-2022-07-17-at-11.44.53-1469x2048.jpeg 1469w, https:\/\/franciscoreisbastos.com.br\/wp-content\/uploads\/2022\/07\/WhatsApp-Image-2022-07-17-at-11.44.53-920x1283.jpeg 920w, https:\/\/franciscoreisbastos.com.br\/wp-content\/uploads\/2022\/07\/WhatsApp-Image-2022-07-17-at-11.44.53-230x321.jpeg 230w, https:\/\/franciscoreisbastos.com.br\/wp-content\/uploads\/2022\/07\/WhatsApp-Image-2022-07-17-at-11.44.53-350x488.jpeg 350w, https:\/\/franciscoreisbastos.com.br\/wp-content\/uploads\/2022\/07\/WhatsApp-Image-2022-07-17-at-11.44.53-480x669.jpeg 480w, https:\/\/franciscoreisbastos.com.br\/wp-content\/uploads\/2022\/07\/WhatsApp-Image-2022-07-17-at-11.44.53.jpeg 1664w\" sizes=\"auto, (max-width: 734px) 100vw, 734px\" \/>\t\t\t\t\t\t\t\t\t\t\t\t\t\t\t<\/div>\n\t\t\t\t<\/div>\n\t\t\t\t\t<\/div>\n\t\t<\/div>\n\t\t\t\t<div class=\"elementor-column elementor-col-66 elementor-top-column elementor-element elementor-element-4514629\" data-id=\"4514629\" data-element_type=\"column\">\n\t\t\t<div class=\"elementor-widget-wrap elementor-element-populated\">\n\t\t\t\t\t\t\t\t<div class=\"elementor-element elementor-element-78e78d4 elementor-drop-cap-yes elementor-drop-cap-view-default elementor-widget elementor-widget-text-editor\" data-id=\"78e78d4\" data-element_type=\"widget\" data-settings=\"{&quot;drop_cap&quot;:&quot;yes&quot;}\" data-widget_type=\"text-editor.default\">\n\t\t\t\t<div class=\"elementor-widget-container\">\n\t\t\t<style>\/*! elementor - v3.6.7 - 03-07-2022 *\/\n.elementor-widget-text-editor.elementor-drop-cap-view-stacked .elementor-drop-cap{background-color:#818a91;color:#fff}.elementor-widget-text-editor.elementor-drop-cap-view-framed .elementor-drop-cap{color:#818a91;border:3px solid;background-color:transparent}.elementor-widget-text-editor:not(.elementor-drop-cap-view-default) .elementor-drop-cap{margin-top:8px}.elementor-widget-text-editor:not(.elementor-drop-cap-view-default) .elementor-drop-cap-letter{width:1em;height:1em}.elementor-widget-text-editor .elementor-drop-cap{float:left;text-align:center;line-height:1;font-size:50px}.elementor-widget-text-editor .elementor-drop-cap-letter{display:inline-block}<\/style>\t\t\t\t<p>APRESENTAR O ASSUNTO &#8220;varizes&#8221; e todas as suas implica\u00e7\u00f5es tornou-se f\u00e1cil, criativo, acess\u00edvel a todo tipo de leitor, a partir do momento em que o autor optou pelo uso das compara\u00e7\u00f5es e analogias. Uma querida professora do curso de mestrado da PUC Minas me disse certa vez que s\u00f3 conseguimos desenvolver um tema com facilidade e gra\u00e7a se ele est\u00e1 muito bem resolvido em nossa mente, se \u00e9 fruto de uma vasta experi\u00eancia. Do contr\u00e1rio, o texto derrapa em cita\u00e7\u00f5es rebuscadas e frases herm\u00e9ticas, podendo comprometer o entendimento. O autor sabe descomplicar, sabe ser claro, did\u00e1tico, como bom professor que \u00e9, apresenta o c\u00e9u claro sem fiapos de n\u00e9voas.<\/p>\t\t\t\t\t\t<\/div>\n\t\t\t\t<\/div>\n\t\t\t\t\t<\/div>\n\t\t<\/div>\n\t\t\t\t\t\t\t<\/div>\n\t\t<\/section>\n\t\t\t\t\t\t\t<\/div>\n\t\t","protected":false},"excerpt":{"rendered":"<p>APRESENTAR O ASSUNTO &#8220;varizes&#8221; e todas as suas implica\u00e7\u00f5es tornou-se f\u00e1cil, criativo, acess\u00edvel a todo tipo de leitor, a partir do momento em que o autor optou pelo uso das compara\u00e7\u00f5es e analogias. Uma querida professora do curso de mestrado da PUC Minas me disse certa vez que s\u00f3 conseguimos desenvolver um tema com facilidade e gra\u00e7a se ele est\u00e1 [&hellip;]<\/p>\n","protected":false},"author":1,"featured_media":0,"parent":0,"menu_order":0,"comment_status":"closed","ping_status":"closed","template":"","meta":{"footnotes":""},"class_list":["post-265","page","type-page","status-publish","hentry"],"_links":{"self":[{"href":"https:\/\/franciscoreisbastos.com.br\/index.php?rest_route=\/wp\/v2\/pages\/265","targetHints":{"allow":["GET"]}}],"collection":[{"href":"https:\/\/franciscoreisbastos.com.br\/index.php?rest_route=\/wp\/v2\/pages"}],"about":[{"href":"https:\/\/franciscoreisbastos.com.br\/index.php?rest_route=\/wp\/v2\/types\/page"}],"author":[{"embeddable":true,"href":"https:\/\/franciscoreisbastos.com.br\/index.php?rest_route=\/wp\/v2\/users\/1"}],"replies":[{"embeddable":true,"href":"https:\/\/franciscoreisbastos.com.br\/index.php?rest_route=%2Fwp%2Fv2%2Fcomments&post=265"}],"version-history":[{"count":8,"href":"https:\/\/franciscoreisbastos.com.br\/index.php?rest_route=\/wp\/v2\/pages\/265\/revisions"}],"predecessor-version":[{"id":623,"href":"https:\/\/franciscoreisbastos.com.br\/index.php?rest_route=\/wp\/v2\/pages\/265\/revisions\/623"}],"wp:attachment":[{"href":"https:\/\/franciscoreisbastos.com.br\/index.php?rest_route=%2Fwp%2Fv2%2Fmedia&parent=265"}],"curies":[{"name":"wp","href":"https:\/\/api.w.org\/{rel}","templated":true}]}}